489.
9
What is the remainder when 35654 is divided by 7128?
14
What is the remainder when 79732 is divided by 434?
310
What is the remainder when 1721 is divided by 321?
116
Calculate the remainder when 3848 is divided by 3802.
46
Calculate the remainder when 121680 is divided by 11.
9
Calculate the remainder when 2192 is divided by 312.
8
What is the remainder when 35577 is divided by 698?
677
What is the remainder when 5730 is divided by 635?
15
What is the remainder when 17155 is divided by 17153?
2
What is the remainder when 221715 is divided by 44?
43
Calculate the remainder when 288539 is divided by 50.
39
What is the remainder when 251135 is divided by 48?
47
What is the remainder when 36100 is divided by 1989?
298
What is the remainder when 3175 is divided by 51?
13
What is the remainder when 11494 is divided by 38?
18
What is the remainder when 17950 is divided by 5848?
406
What is the remainder when 15773 is divided by 134?
95
What is the remainder when 35612 is divided by 1780?
12
What is the remainder when 2932 is divided by 23?
11
What is the remainder when 5834 is divided by 143?
114
Calculate the remainder when 2976 is divided by 843.
447
Calculate the remainder when 54973 is divided by 97.
71
Calculate the remainder when 1000825 is divided by 549.
547
What is the remainder when 131830 is divided by 1449?
1420
Calculate the remainder when 162701 is divided by 621.
620
What is the remainder when 28234 is divided by 223?
136
What is the remainder when 2807 is divided by 422?
275
What is the remainder when 3256 is divided by 1071?
43
What is the remainder when 21993 is divided by 36?
33
What is the remainder when 29496 is divided by 1152?
696
What is the remainder when 24715 is divided by 215?
205
What is the remainder when 53757 is divided by 531?
126
What is the remainder when 11353 is divided by 831?
550
What is the remainder when 97453 is divided by 12170?
93
What is the remainder when 9439 is divided by 213?
67
Calculate the remainder when 1857 is divided by 8.
1
Calculate the remainder when 645387 is divided by 303.
300
Calculate the remainder when 242987 is divided by 57.
53
What is the remainder when 10689 is divided by 132?
129
What is the remainder when 1989 is divided by 434?
253
What is the remainder when 1545 is divided by 109?
19
What is the remainder when 11435 is divided by 279?
275
Calculate the remainder when 2341 is divided by 1119.
103
Calculate the remainder when 420 is divided by 347.
73
Calculate the remainder when 4359 is divided by 2085.
189
Calculate the remainder when 28536 is divided by 14267.
2
What is the remainder when 429590 is divided by 5?
0
Calculate the remainder when 20335 is divided by 2198.
553
Calculate the remainder when 3623 is divided by 57.
32
What is the remainder when 458333 is divided by 152777?
2
Calculate the remainder when 31169 is divided by 3109.
79
Calculate the remainder when 38832 is divided by 19403.
26
Calculate the remainder when 33439 is divided by 46.
43
What is the remainder when 142 is divided by 67?
8
Calculate the remainder when 1570 is divided by 156.
10
Calculate the remainder when 6565 is divided by 363.
31
Calculate the remainder when 13160 is divided by 408.
104
What is the remainder when 21746 is divided by 19?
10
What is the remainder when 1824 is divided by 22?
20
Calculate the remainder when 981161 is divided by 273.
272
Calculate the remainder when 3027 is divided by 120.
27
What is the remainder when 10322 is divided by 123?
113
Calculate the remainder when 36705 is divided by 161.
158
Calculate the remainder when 138241 is divided by 46079.
4
Calculate the remainder when 149829 is divided by 97.
61
Calculate the remainder when 54244 is divided by 175.
169
Calculate the remainder when 9958 is divided by 9847.
111
What is the remainder when 4546 is divided by 21?
10
What is the remainder when 57532 is divided by 270?
22
What is the remainder when 125946 is divided by 41?
35
Calculate the remainder when 970 is divided by 3.
1
What is the remainder when 8407 is divided by 255?
247
What is the remainder when 39408 is divided by 607?
560
What is the remainder when 83 is divided by 18?
11
What is the remainder when 2120 is divided by 1000?
120
What is the remainder when 43919 is divided by 31?
23
What is the remainder when 106323 is divided by 611?
9
Calculate the remainder when 13624 is divided by 14.
2
Calculate the remainder when 6800 is divided by 141.
32
What is the remainder when 97034 is divided by 97029?
5
Calculate the remainder when 32073 is divided by 8.
1
Calculate the remainder when 424493 is divided by 20.
13
Calculate the remainder when 62806 is divided by 22.
18
What is the remainder when 2031 is divided by 886?
259
Calculate the remainder when 18941 is divided by 74.
71
What is the remainder when 39513 is divided by 74?
71
Calculate the remainder when 3152 is divided by 620.
52
What is the remainder when 1747 is divided by 1306?
441
Calculate the remainder when 167309 is divided by 55767.
8
Calculate the remainder when 35367 is divided by 3530.
67
What is the remainder when 2039 is divided by 113?
5
Calculate the remainder when 181048 is divided by 2263.
8
What is the remainder when 44392 is divided by 14?
12
What is the remainder when 978 is divided by 965?
13
Calculate the remainder when 4290207 is divided by 1095.
1092
What is the remainder when 206317 is divided by 15?
7
Calculate the remainder when 30299 is divided by 18.
5
Calculate the remainder when 44 is divided by 23.
21
What is the remainder when 100788 is divided by 43?
39
What is the remainder when 53774 is divided by 1734?
20
What is the remainder when 580 is divided by 54?
40
Calculate the remainder when 37117 is divided by 128.
125
Calculate the remainder when 17068 is divided by 488.
476
Calculate the remainder when 233144 is divided by 47.
24
Calculate the remainder when 2032 is divided by 84.
16
Calculate the remainder when 107213 is divided by 53606.
1
Calculate the remainder when 27192 is divided by 252.
228
Calculate the remainder when 265780 is divided by 35.
25
What is the remainder when 583 is divided by 275?
33
What is the remainder when 2333 is divided by 13?
6
What is the remainder when 9089 is divided by 2977?
158
Calculate the remainder when 18871 is divided by 91.
34
What is the remainder when 1774469 is divided by 14?
11
Calculate the remainder when 2181 is divided by 14.
11
What is the remainder when 473166 is divided by 23?
10
Calculate the remainder when 2252 is divided by 219.
62
Calculate the remainder when 213086 is divided by 15.
11
What is the remainder when 194462 is divided by 271?
155
Calculate the remainder when 6156 is divided by 427.
178
What is the remainder when 113609 is divided by 163?
161
What is the remainder when 705 is divided by 77?
12
Calculate the remainder when 923 is divided by 254.
161
What is the remainder when 1876475 is divided by 502?
501
What is the remainder when 8342 is divided by 219?
20
What is the remainder when 15276 is divided by 2521?
150
Calculate the remainder when 124953 is divided by 123.
108
What is the remainder when 5038 is divided by 1248?
46
Calculate the remainder when 1992 is divided by 44.
12
Calculate the remainder when 52489 is divided by 171.
163
Calculate the remainder when 32224 is divided by 167.
160
What is the remainder when 81004 is divided by 350?
154
Calculate the remainder when 10415 is divided by 158.
145
Calculate the remainder when 30253 is divided by 110.
3
Calculate the remainder when 6465 is divided by 158.
145
Calculate the remainder when 34430 is divided by 2.
0
Calculate the remainder when 16434 is divided by 3286.
4
Calculate the remainder when 6922 is divided by 209.
25
Calculate the remainder when 63471 is divided by 92.
83
Calculate the remainder when 15990 is divided by 100.
90
Calculate the remainder when 28932 is divided by 119.
15
Calculate the remainder when 53785 is divided by 196.
81
What is the remainder when 8934 is divided by 52?
42
What is the remainder when 5182 is divided by 1106?
758
Calculate the remainder when 2116 is divided by 134.
106
Calculate the remainder when 646 is divided by 11.
8
What is the remainder when 7325 is divided by 3640?
45
What is the remainder whe